 62*l - 21. Let n(m) = -5*f(m) - 8*k(m). Is n(4) composite?
True
Is (-4)/38 - 138978/(-114) a prime number?
False
Let f(q) = q - 2. Suppose 12 = 4*g - g. Let b be f(g). Suppose b*j = 1688 + 506. Is j a prime number?
True
Let k = 339 - -430. Is k a prime number?
True
Let k = -17 + 2345. Let p = -1361 + k. Is p prime?
True
Let g = 3486 + -1385. Is g a prime number?
False
Let f(s) = 108*s - 125. Is f(17) a composite number?
True
Let a(t) = 19*t - 28. Is a(21) composite?
True
Let c = -178 + 1770. Suppose 0 = 4*x - 3*f - f - c, f - 1587 = -4*x. Is x prime?
True
Let h(y) = -6378*y - 55. Is h(-4) composite?
False
Suppose -4*l = 4*s - 10464, -l = -s + 3*s - 2612. Suppose -5*g + l = -f, g = -f + 92 + 426. Is g prime?
True
Suppose -47*f - 500006 = -73*f. Is f prime?
True
Let l be ((-6)/4)/((-2)/12). Let m = l + 2. Suppose 48 = a + m. Is a a composite number?
False
Suppose -3*f = -2*y - 13, 4*y - 4 = 6*y. Suppose -f*x - 5 - 7 = 0. Is (x + -45)*-5 + 4 composite?
True
Suppose -11*r + 145 = -6*r. Suppose m - r - 48 = 0. Is m a composite number?
True
Suppose -4*n = b - 5, -4*b - 3*n = b - 8. Suppose -2*r + b = -3. Suppose r*m + 2*m - 3*d = 451, 5*d - 475 = -4*m. Is m a composite number?
True
Suppose 4*p + 0*p = -3*n + 1405, 5*n - 5*p - 2365 = 0. Let o = -58 + n. Is o prime?
False
Let a = 732 + -520. Suppose -5*w + 2*w - a = -4*x, -10 = -2*x. Let c = 225 + w. Is c a composite number?
True
Suppose 2*n + 3*d - 4*d - 15918 = 0, 4*d = -n + 7977. Is n prime?
False
Suppose 4*b = -3*z + 9, 3*b - 5*z = 6*b - 15. Suppose -3*a - 1 + 7 = b. Let v(l) = 19*l**2 + 1. Is v(a) composite?
True
Let d(t) = 16127*t**2 - 8*t + 8. Is d(1) a prime number?
True
Let b = 581 - -4604. Suppose 3*p - 12332 - b = 0. Is p a composite number?
False
Is ((-35)/(-25))/((-56676)/(-56670) + -1) a composite number?
True
Let f(a) = 2 - 2 - 1 - a**2 - 2*a + 13*a**3 + 0*a. Suppose 22 = -6*b + 34. Is f(b) prime?
False
Let t = 7207 - 2168. Is t composite?
False
Let z(x) = 20*x. Let k(s) = -1. Let r(t) = -5*k(t) - z(t). Let n(j) = 2*j**3 + 22*j**2 + 20*j - 7. Let d be n(-10). Is r(d) a prime number?
False
Suppose 2*f - a = -12, 0*f + 5*a = 4*f + 36. Let b be f/6 - (-11)/3. Suppose 72 = 4*w + 5*o, b*w + o - 88 = -w. Is w composite?
False
Let g = -8 - -8. Suppose g = -3*v + v. Suppose v*j - 4*j + 138 = -u, -2*j + 2*u + 66 = 0. Is j a composite number?
True
Let b = 155 - -80. Is b a composite number?
True
Let b(l) be the third derivative of -l**6/15 - l**5/10 - l**4/4 - 3*l**3/2 + 16*l**2. Is b(-4) a prime number?
True
Let d(p) = -p**3 - p**2 + 5*p + 10585. Let u be d(0). Suppose u - 73634 = -7*y. Is y a composite number?
False
Suppose -g - 5*n - 1313 + 6145 = 0, -2*n - 14462 = -3*g. Is g a composite number?
True
Let g(r) = 2*r**3 - 12*r**2 - r + 4. Let j be g(6). Suppose -2*a = -5 - 7. Is (-3)/(j/(1636/a)) a prime number?
True
Suppose -x + 185 = l, -x - 2*l - 6 = -188. Let f = x - 133. Suppose k - f = 594. Is k composite?
True
Let l(a) = -a**3 + 23*a**2 + 30*a - 119. Is l(24) a composite number?
True
Let z = -1890 - -6655. Is z composite?
True
Let r(u) be the second derivative of u**4/12 - u**3/3 - u**2/2 - 10*u. Let j be r(3). Suppose -564 = -4*y + j*q, 5*y - 154 - 551 = 3*q. Is y prime?
False
Let u(k) be the first derivative of -53*k**2/2 + 12*k + 4. Let p be (-96)/10 + 6/10. Is u(p) prime?
False
Suppose 2*o - 2395 = 5*f, 3*o - 3*f + 0*f - 3588 = 0. Suppose 2648 = 9*u - o. Is u a composite number?
True
Let a = 1093 + -259. Suppose 3*t = 5*t - a. Is 0 + t + 14 + -12 prime?
True
Suppose 44 = 4*w + 2*s, 0 = -4*w - 5*s + 10 + 46. Let x(v) = -2*v**2 - 9*v - 995. Let a(r) = r**2 + 4*r + 497. Let t(p) = w*a(p) + 4*x(p). Is t(0) composite?
True
Let c(s) be the first derivative of -105*s**2 + s + 44. Is c(-3) prime?
True
Suppose -s - 5*h = 38, -2*s - 91 + 31 = 2*h. Let q be (-4431)/s + (-1)/4. Is 1*(q + (5 - 2)) a prime number?
False
Suppose 17*r - 17392 = r. Is r composite?
False
Suppose -5*f - 27 = 13. Let l(n) = 51*n**2 - 5*n - 2 - 7 - 41*n**2. Is l(f) a composite number?
True
Is 3*24074/(-18)*(2 - 5) a prime number?
True
Let w(k) = -k**2 - 7*k - 19. Let s be w(-6). Is (-1115 + 1)/(11 + s) composite?
False
Let k(u) = 30*u - 7. Let t(f) = -f + 2. Let s be t(-3). Let z(n) = n**2 - 4*n - 1. Let j be z(s). Is k(j) a composite number?
False
Let a = -2 + 1. Let n be (-2)/3*(a - 11). Suppose 5 = -3*j + n*j, 5*u = 5*j + 630. Is u composite?
False
Let i(j) = 761*j + 12. Suppose -5*p - 9*f + 35 = -4*f, 2*p - f = 8. Is i(p) a prime number?
False
Let y = -18 - -12. Let w be y/5*(-10)/4. Suppose 3*k + 5205 = w*d, 625 = 4*d + 4*k - 6315. Is d a prime number?
False
Suppose 5*a - 5 = 0, -3*a = -4*p - 4244 + 14781. Let k = -1746 + p. Is k prime?
False
Let y be (-2)/3 - (-11490)/9. Suppose -2*k - 5*v + 10 = 0, -10 = -5*k + 3*k + 3*v. Suppose 1595 = k*r - 4*l, 3*r + 5*l = -r + y. Is r a composite number?
True
Suppose 5*m + 2*u - 200 = 0, -200 = -5*m + 6*u - u. Suppose 6*p - m = 4*p. Let c = p + 69. Is c prime?
True
Is 7795 - 3 - (-2 + 3 + 2) a composite number?
False
Suppose 4*s + 5*w + 204 - 6028 = 0, -5*s - 2*w = -7297. Is s a composite number?
True
Let w(g) = -g**3 - 11*g**2 + 14*g. Let h be w(-12). Let f = h + 106. Is f a composite number?
True
Suppose -2*k - 54 = -174. Let b be 2/(k/(-61) + 1). Let p = b - 64. Is p prime?
False
Suppose -3*s = -2*g - 96929, -3*s + 19901 + 77048 = 2*g. Is s prime?
False
Let x be 2/9 + (-158)/(-18). Let q(f) = -f**2 + 50*f + 329. Let z be q(-7). Let m = x - z. Is m a prime number?
True
Let z(g) = 78*g**2 - 16*g - 13. Is z(-11) a prime number?
True
Let d(a) = -5*a - 28. Let f be d(-7). Suppose -2*t = 4*k - f*t - 2191, -4*k + 2211 = -t. Is k a prime number?
False
Let y be (-3)/(-6)*(-2 - 0). Let c be (-2 - (-6 - y)) + -5. Is (5 - 3)*(-329)/c a composite number?
True
Let o = 33577 + -22830. Is o a composite number?
True
Let d(z) = -z**2 + 13*z - 9. Let k be d(12). Suppose -3*w + 6 = -3*m, 0 = -k*m - 0*m - 4*w + 15. Suppose -4*j + 384 = 4*o, -3*o - m - 2 = 0. Is j composite?
False
Is (-3 - (-5 + 1))*1958 + 1 a prime number?
False
Suppose -5*q + 30511 = 3*s, -5*s - 2*q + 4824 + 46015 = 0. Is s a prime number?
False
Suppose 2*o = -2*h + 38, -3*o + 0*o + 65 = 5*h. Let g = -12 + o. Let i = 7 + g. Is i a composite number?
True
Let f = -68 + 73. Suppose 4*o = f*o, o + 489 = p. Is p a prime number?
False
Suppose 5*y = -2*w + 13755, -18*w + 27450 = -14*w - 2*y. Is w composite?
True
Let l(t) = -787*t**3 + 9*t**2 + 14*t + 19. Is l(-2) prime?
True
Let a = -31 - -30. Is (-1 - 0)/(a/547) a composite number?
False
Suppose -2*d + 1235 = -4*q - 8471, 5*d = -4*q + 24265. Is d composite?
True
Let b = 6 + -4. Suppose 93 + 333 = b*w. Is w a prime number?
False
Suppose 21021 = x + 2*w - 7*w, -3*x + 62987 = 4*w. Is x composite?
False
Suppose 25197 + 29626 = i. Is i prime?
False
Is (51/(-6))/(((-28)/328)/7) a composite number?
True
Let s be (1 - 0) + 51*2. Let o = 100 + s. Is o composite?
True
Suppose -3*n + 696 + 1026 = 0. Suppose 5*p = 3*w - 5*w + 275, 2*p = -4*w + n. Is w prime?
False
Suppose -5*i + 4*p = -0*p + 4, i - p = -1. Suppose -6*s - 3*s + 5013 = i. Is s composite?
False
Suppose 4*m = 8, 5*s + 2*m = -2 + 6. Suppose -5*o + 19 = 3*q, 4*q - 12 = 2*q - 3*o. Suppose -161 = b - 6*b + q*h, s = -b - h + 29. Is b composite?
False
Let w(p) = -p**2 + 5*p + 1. Let n be w(5). Is (-2)/6*-105*n prime?
False
Let y(k) = k. Let u(l) = -13. Let q(c) = -u(c) - 4*y(c). Suppose -5*b = 4*t + 66, -b - 5*t - 18 = 12. Is q(b) a prime number?
True
Suppose 5*r - 2*o + 34205 = 96140, -r + 12369 = -4*o. Is r composite?
True
Let i(h) = 3*h**2 + 13*h + 15. Let o = -18 + 6. Is i(o) prime?
False
Let n(l) = -4*l - 89. Let q be n(19). Let u be -258 + (1 - (0 - 1)). Let m = q - u. Is m composite?
True
Is 115000/50 + 7/(-1) composite?
False
Let h(b) = 8849*b**2 - 22*b + 22. Is h(1) composite?
False
Let u(x) = 27*x - 10*x - 2 + 0. Suppose -t - 4*q + 12 = 3*t, -t + 2*q + 9 = 0. Is u(t) prime?
True
Let j(x) = 2739*x**2 - 153*x + 467. Is j(3) prime?
True
Suppose 0*i + 4*w - 6 = -i, 2*i + 1 = 5*w. Suppose -i*m + 3*m = -2*f + 1, 4*f + 13 = 3*m. Suppose -3*l = 3*r - 45, -r - 2*l = -4*l - m. Is r a composite number?
False
Let n be 6/33 - 84/(-22). Is 1/n - 1015/(-4) composite?
True
Let t = -14326 - -94935. Is t composite?
True
Suppose -2*w - 28344